{"id":755,"date":"2025-01-17T03:34:13","date_gmt":"2025-01-17T02:34:13","guid":{"rendered":"https:\/\/www.asoprep.com.ec\/?page_id=755"},"modified":"2026-04-23T10:02:00","modified_gmt":"2026-04-23T15:02:00","slug":"aviso-de-privacidad","status":"publish","type":"page","link":"https:\/\/asoprep.com.ec\/?page_id=755","title":{"rendered":"Aviso de Privacidad"},"content":{"rendered":"\t\t<div data-elementor-type=\"wp-page\" data-elementor-id=\"755\" class=\"elementor elementor-755\" data-elementor-post-type=\"page\">\n\t\t\t\t<div class=\"elementor-element elementor-element-c9fa01d e-flex e-con-boxed e-con e-parent\" data-id=\"c9fa01d\" data-element_type=\"container\">\n\t\t\t\t\t<div class=\"e-con-inner\">\n\t\t\t\t<div class=\"elementor-element elementor-element-38b497c elementor-widget elementor-widget-spacer\" data-id=\"38b497c\" data-element_type=\"widget\" data-widget_type=\"spacer.default\">\n\t\t\t\t<div class=\"elementor-widget-container\">\n\t\t\t\t\t\t\t<div class=\"elementor-spacer\">\n\t\t\t<div class=\"elementor-spacer-inner\"><\/div>\n\t\t<\/div>\n\t\t\t\t\t\t<\/div>\n\t\t\t\t<\/div>\n\t\t\t\t\t<\/div>\n\t\t\t\t<\/div>\n\t\t<div class=\"elementor-element elementor-element-4100184 e-flex e-con-boxed e-con e-parent\" data-id=\"4100184\" data-element_type=\"container\" data-settings=\"{&quot;background_background&quot;:&quot;classic&quot;}\">\n\t\t\t\t\t<div class=\"e-con-inner\">\n\t\t<div class=\"elementor-element elementor-element-b45474b e-con-full e-flex elementor-invisible e-con e-child\" data-id=\"b45474b\" data-element_type=\"container\" data-settings=\"{&quot;background_background&quot;:&quot;classic&quot;,&quot;animation&quot;:&quot;rotateInDownRight&quot;}\">\n\t\t\t\t<div class=\"elementor-element elementor-element-7520b9e elementor-widget elementor-widget-heading\" data-id=\"7520b9e\" data-element_type=\"widget\" data-widget_type=\"heading.default\">\n\t\t\t\t<div class=\"elementor-widget-container\">\n\t\t\t\t\t<h2 class=\"elementor-heading-title elementor-size-default\">Aviso de Privacidad<\/h2>\t\t\t\t<\/div>\n\t\t\t\t<\/div>\n\t\t\t\t<div class=\"elementor-element elementor-element-009b1d8 elementor-widget-divider--view-line_icon elementor-view-default elementor-widget-divider--element-align-center elementor-widget elementor-widget-divider\" data-id=\"009b1d8\" data-element_type=\"widget\" data-widget_type=\"divider.default\">\n\t\t\t\t<div class=\"elementor-widget-container\">\n\t\t\t\t\t\t\t<div class=\"elementor-divider\">\n\t\t\t<span class=\"elementor-divider-separator\">\n\t\t\t\t\t\t\t<div class=\"elementor-icon elementor-divider__element\">\n\t\t\t\t\t<svg aria-hidden=\"true\" class=\"e-font-icon-svg e-fas-pallet\" viewBox=\"0 0 640 512\" xmlns=\"http:\/\/www.w3.org\/2000\/svg\"><path d=\"M144 256h352c8.8 0 16-7.2 16-16V16c0-8.8-7.2-16-16-16H384v128l-64-32-64 32V0H144c-8.8 0-16 7.2-16 16v224c0 8.8 7.2 16 16 16zm480 128c8.8 0 16-7.2 16-16v-32c0-8.8-7.2-16-16-16H16c-8.8 0-16 7.2-16 16v32c0 8.8 7.2 16 16 16h48v64H16c-8.8 0-16 7.2-16 16v32c0 8.8 7.2 16 16 16h608c8.8 0 16-7.2 16-16v-32c0-8.8-7.2-16-16-16h-48v-64h48zm-336 64H128v-64h160v64zm224 0H352v-64h160v64z\"><\/path><\/svg><\/div>\n\t\t\t\t\t\t<\/span>\n\t\t<\/div>\n\t\t\t\t\t\t<\/div>\n\t\t\t\t<\/div>\n\t\t\t\t<div class=\"elementor-element elementor-element-53b0444 elementor-widget elementor-widget-text-editor\" data-id=\"53b0444\" data-element_type=\"widget\" data-widget_type=\"text-editor.default\">\n\t\t\t\t<div class=\"elementor-widget-container\">\n\t\t\t\t\t\t\t\t\t<p>Fecha de vigencia: 16 de enero de 2025<\/p><p><strong>ASOPREP FCPC<\/strong>, domiciliada en Quito \u2013 Ecuador, es responsable del tratamiento de sus datos personales conforme a lo establecido en la Ley Org\u00e1nica de Protecci\u00f3n de Datos Personales (LOPDP) del Ecuador. Este Aviso de Privacidad tiene como objetivo informarle sobre c\u00f3mo recopilamos, utilizamos, protegemos y compartimos su informaci\u00f3n personal.<\/p><p><strong>Nuestro Compromiso<\/strong><\/p><p>Somos plenamente conscientes de la responsabilidad que tenemos. La protecci\u00f3n y privacidad de la informaci\u00f3n que usted comparte con nosotros es nuestra m\u00e1xima prioridad. A trav\u00e9s de este Aviso de Privacidad, nos esforzamos por mantenerlo siempre actualizado sobre los tipos de informaci\u00f3n que compartir\u00e1 con nosotros al utilizar nuestros servicios y c\u00f3mo se utilizar\u00e1 esta informaci\u00f3n. Este Aviso de Privacidad tambi\u00e9n le informar\u00e1 sobre las formas en que puede gestionar la informaci\u00f3n que comparte con nosotros.<\/p><p><strong>Aplicaciones de ASOPREP FCPC<\/strong><\/p><ol><li>Delta21: Plataforma Core Institucional.<\/li><li>Delta21 Reportes: Sistema de Informaci\u00f3n para reportes.<\/li><li>Yura: Plataforma para respaldo de informaci\u00f3n f\u00edsica digitalizada.<\/li><\/ol><p><strong>Informaci\u00f3n que Recopilamos<\/strong><\/p><p>Podemos recopilar y procesar la siguiente informaci\u00f3n sobre los visitantes, clientes y usuarios seg\u00fan sea honestamente necesario por las siguientes razones.<\/p><p>Informaci\u00f3n del participe<\/p><ul><li>Informaci\u00f3n de contacto y perfil, incluyendo nombre, direcci\u00f3n de correo electr\u00f3nico, nombre de la organizaci\u00f3n, y direcci\u00f3n.<\/li><li>Identificaciones \u00fanicas (por ejemplo: nombre de usuario, n\u00famero de cuenta y contrase\u00f1a)<\/li><\/ul><p>Informaci\u00f3n Personal no identificable<\/p><ul><li>Podemos recoger la informaci\u00f3n no personalmente identificable sobre usted siempre que usted interact\u00fae con nuestro Web site o utilice el servicio, tal como su nombre del browser, sistema operativo, Internet Service Provider (ISP) y la otra informaci\u00f3n t\u00e9cnica relacionada que no personalmente identificable con usted.<\/li><\/ul><p>Informaci\u00f3n T\u00e9cnica<\/p><ul><li>Direcci\u00f3n IP, tipo de navegador, sistema operativo y otros datos relacionados con su dispositivo y su conexi\u00f3n a Internet.<\/li><\/ul><p>Informaci\u00f3n de Uso<\/p><ul><li>Informaci\u00f3n sobre el uso de nuestras aplicaciones y servicios, incluyendo p\u00e1ginas visitadas, tiempo de uso y otras interacciones.<\/li><\/ul><p>Cookies del navegador<\/p><ul><li>Nuestro sitio web tambi\u00e9n puede utilizar \u00abcookies\u00bb para saber m\u00e1s sobre c\u00f3mo mejorar su experiencia. El navegador web del usuario coloca cookies en su disco duro con fines de registro y, a veces, para rastrear informaci\u00f3n sobre \u00e9l. El usuario puede optar por configurar su navegador para que rechace las cookies o para que le avise cuando se env\u00eden cookies. Si lo hace, es posible que algunas partes del sitio web no funcionen correctamente.<\/li><\/ul><p><strong>C\u00f3mo Utilizamos la Informaci\u00f3n<\/strong><\/p><ol><li>Informaci\u00f3n Comercial:<\/li><\/ol><ul><li>Para mantener a las organizaciones informadas sobre cambios relevantes e importantes, como actualizaciones de aplicaciones, precios y ofertas especiales.<\/li><\/ul><ol start=\"2\"><li>Informaci\u00f3n del Usuario:<\/li><\/ol><ul><li>Para gestionar la informaci\u00f3n sobre los usuarios y controlar c\u00f3mo pueden utilizar nuestras aplicaciones, por ejemplo, para registrar el tiempo y asistencia de empleados.<\/li><li>Para control de accesos en eventos culturales y deportivos.<\/li><\/ul><ol start=\"3\"><li>Informaci\u00f3n de Uso:<\/li><\/ol><ul><li>Para realizar consultas e informes sobre el uso de las aplicaciones y facilitar la integraci\u00f3n con sistemas de terceros, como sistemas de n\u00f3mina o control de acceso.<\/li><\/ul><p><strong>Protecci\u00f3n de la Informaci\u00f3n<\/strong><\/p><ol><li>Medidas de Seguridad:<\/li><\/ol><ul><li>Transmisiones de datos cifradas.<\/li><li>Copias de seguridad de datos.<\/li><\/ul><ol start=\"2\"><li>Medidas de Seguridad del Usuario:<\/li><\/ol><ul><li>Seguridad f\u00edsica de las instalaciones.<\/li><li>Seguridad de dispositivos.<\/li><li>Respaldo de dispositivos.<\/li><\/ul><p>Derechos del Titular de los Datos<\/p><p>Usted tiene derecho a acceder, rectificar, actualizar, suprimir y oponerse al tratamiento de sus datos personales (derechos ARCO). Para hacer efectivo el ejercicio de los derechos o actualizar su informaci\u00f3n, ASOPREP FCPC ha puesto a disposici\u00f3n el siguiente formulario:<\/p>\t\t\t\t\t\t\t\t<\/div>\n\t\t\t\t<\/div>\n\t\t\t\t<div class=\"elementor-element elementor-element-8eed913 elementor-widget-divider--view-line_icon elementor-view-default elementor-widget-divider--element-align-center elementor-widget elementor-widget-divider\" data-id=\"8eed913\" data-element_type=\"widget\" data-widget_type=\"divider.default\">\n\t\t\t\t<div class=\"elementor-widget-container\">\n\t\t\t\t\t\t\t<div class=\"elementor-divider\">\n\t\t\t<span class=\"elementor-divider-separator\">\n\t\t\t\t\t\t\t<div class=\"elementor-icon elementor-divider__element\">\n\t\t\t\t\t<svg aria-hidden=\"true\" class=\"e-font-icon-svg e-fas-pallet\" viewBox=\"0 0 640 512\" xmlns=\"http:\/\/www.w3.org\/2000\/svg\"><path d=\"M144 256h352c8.8 0 16-7.2 16-16V16c0-8.8-7.2-16-16-16H384v128l-64-32-64 32V0H144c-8.8 0-16 7.2-16 16v224c0 8.8 7.2 16 16 16zm480 128c8.8 0 16-7.2 16-16v-32c0-8.8-7.2-16-16-16H16c-8.8 0-16 7.2-16 16v32c0 8.8 7.2 16 16 16h48v64H16c-8.8 0-16 7.2-16 16v32c0 8.8 7.2 16 16 16h608c8.8 0 16-7.2 16-16v-32c0-8.8-7.2-16-16-16h-48v-64h48zm-336 64H128v-64h160v64zm224 0H352v-64h160v64z\"><\/path><\/svg><\/div>\n\t\t\t\t\t\t<\/span>\n\t\t<\/div>\n\t\t\t\t\t\t<\/div>\n\t\t\t\t<\/div>\n\t\t\t\t<div class=\"elementor-element elementor-element-56787d2 elementor-widget elementor-widget-text-editor\" data-id=\"56787d2\" data-element_type=\"widget\" data-widget_type=\"text-editor.default\">\n\t\t\t\t<div class=\"elementor-widget-container\">\n\t\t\t\t\t\t\t\t\t<p>Cuando considere que no ha recibido una respuesta adecuada a su petici\u00f3n de ejercicio de derechos, podr\u00e1 escribirle al Delegado de Protecci\u00f3n de Datos en el siguiente correo: <strong>credito.asoprep@asoprep.com.ec<\/strong><\/p><p>Su solicitud debe incluir:<\/p><p>Su nombre completo y datos de contacto.<\/p><p>Una descripci\u00f3n clara y precisa de los datos personales sobre los que busca ejercer alguno de los derechos ARCO.<\/p><p>Cualquier otro elemento que facilite la localizaci\u00f3n de sus datos personales.<\/p><p><strong>Transmisi\u00f3n de la Informaci\u00f3n<\/strong><\/p><p>Transferencias Nacionales e Internacionales de Datos<\/p><p>ASOPREP FCPC, con pleno respeto a la Ley Org\u00e1nica de Protecci\u00f3n de Datos Personales (LOPDP) del Ecuador, puede transferir sus datos personales a terceros, tanto dentro como fuera del pa\u00eds, en las siguientes circunstancias:<\/p><p>Proveedores de Servicios: Podemos compartir su informaci\u00f3n con terceros proveedores de servicios que nos ayudan a operar nuestras aplicaciones, realizar an\u00e1lisis de datos, procesar pagos y proporcionar servicios al cliente. Estos proveedores est\u00e1n obligados a proteger sus datos y solo pueden utilizar la informaci\u00f3n para los fines especificados por ASOPREP FCPC.<\/p><p><strong>Obligaciones Legales:<\/strong> Podemos compartir su informaci\u00f3n cuando sea necesario para cumplir con obligaciones legales, responder a solicitudes de autoridades competentes, o proteger nuestros derechos, privacidad, seguridad o propiedad, o los de nuestros usuarios y p\u00fablico.<\/p><p>Transferencias Internacionales: En caso de transferencias de datos fuera del Ecuador, nos aseguraremos de que los destinatarios de los datos personales proporcionen niveles adecuados de protecci\u00f3n conforme a la LOPDP y otras leyes aplicables. Estas transferencias se realizar\u00e1n mediante contratos espec\u00edficos que garanticen la seguridad y confidencialidad de la informaci\u00f3n.<\/p><p>Consentimiento del Usuario: En situaciones donde la ley lo requiera, solicitaremos su consentimiento previo para compartir su informaci\u00f3n personal.<\/p><p><strong>Medidas de Protecci\u00f3n en la Transferencia de Datos<\/strong><\/p><p>Para asegurar la protecci\u00f3n de sus datos durante su transferencia, implementamos las siguientes medidas:<\/p><p>Encriptaci\u00f3n de Datos: Los datos personales transferidos a trav\u00e9s de nuestras aplicaciones est\u00e1n cifrados tanto en tr\u00e1nsito como en reposo.<\/p><p>Contratos de Confidencialidad: Exigimos a nuestros proveedores y socios que firmen acuerdos de confidencialidad y cumplan con nuestras pol\u00edticas de privacidad y seguridad de datos.<\/p><p>Revisi\u00f3n Continua: Realizamos auditor\u00edas y revisiones peri\u00f3dicas de nuestras pr\u00e1cticas de transferencia de datos para asegurar el cumplimiento continuo con la LOPDP y otras normativas aplicables.<\/p><p>Anonimizaci\u00f3n: Aplicamos medidas dirigidas a impedir la identificaci\u00f3n o reidentificaci\u00f3n de una persona natural, sin esfuerzos desproporcionados.<\/p><p><strong>Retenci\u00f3n de Datos<\/strong><\/p><p>Retenemos los datos personales de una cuenta hasta 3 meses despu\u00e9s de haber sido desactivada y seg\u00fan la ley aplicable lo requiera.<\/p><p><strong>Cambios en el Aviso de Privacidad<\/strong><\/p><p>ASOPREP FCPC puede actualizar este Aviso de Privacidad en cualquier momento. Cualquier cambio ser\u00e1 notificado a trav\u00e9s de nuestra p\u00e1gina web o por otros medios de comunicaci\u00f3n. La fecha de la \u00faltima actualizaci\u00f3n se indicar\u00e1 al inicio de este Aviso de Privacidad.<\/p>\t\t\t\t\t\t\t\t<\/div>\n\t\t\t\t<\/div>\n\t\t\t\t<\/div>\n\t\t\t\t\t<\/div>\n\t\t\t\t<\/div>\n\t\t\t\t<\/div>\n\t\t","protected":false},"excerpt":{"rendered":"<p>Aviso de Privacidad Fecha de vigencia: 16 de enero de 2025 ASOPREP FCPC, domiciliada en Quito \u2013 Ecuador, es responsable del tratamiento de sus datos personales conforme a lo establecido en la Ley Org\u00e1nica de Protecci\u00f3n de Datos Personales (LOPDP) del Ecuador. Este Aviso de Privacidad tiene como objetivo informarle sobre c\u00f3mo recopilamos, utilizamos, protegemos [&hellip;]<\/p>\n","protected":false},"author":7,"featured_media":0,"parent":0,"menu_order":0,"comment_status":"closed","ping_status":"closed","template":"","meta":{"footnotes":""},"class_list":["post-755","page","type-page","status-publish","hentry"],"_links":{"self":[{"href":"https:\/\/asoprep.com.ec\/index.php?rest_route=\/wp\/v2\/pages\/755","targetHints":{"allow":["GET"]}}],"collection":[{"href":"https:\/\/asoprep.com.ec\/index.php?rest_route=\/wp\/v2\/pages"}],"about":[{"href":"https:\/\/asoprep.com.ec\/index.php?rest_route=\/wp\/v2\/types\/page"}],"author":[{"embeddable":true,"href":"https:\/\/asoprep.com.ec\/index.php?rest_route=\/wp\/v2\/users\/7"}],"replies":[{"embeddable":true,"href":"https:\/\/asoprep.com.ec\/index.php?rest_route=%2Fwp%2Fv2%2Fcomments&post=755"}],"version-history":[{"count":13,"href":"https:\/\/asoprep.com.ec\/index.php?rest_route=\/wp\/v2\/pages\/755\/revisions"}],"predecessor-version":[{"id":1078,"href":"https:\/\/asoprep.com.ec\/index.php?rest_route=\/wp\/v2\/pages\/755\/revisions\/1078"}],"wp:attachment":[{"href":"https:\/\/asoprep.com.ec\/index.php?rest_route=%2Fwp%2Fv2%2Fmedia&parent=755"}],"curies":[{"name":"wp","href":"https:\/\/api.w.org\/{rel}","templated":true}]}}